me?
False
Is 472352161 a prime number?
False
Is 1104142393 prime?
False
Is 26383278217 composite?
False
Is 19294798603 composite?
True
Is 23711008351 prime?
False
Is 251817149 a composite number?
True
Is 62590324813 prime?
True
Is 27461498929 prime?
False
Is 4803056779 composite?
False
Is 44359764299 composite?
False
Is 1029857117 a composite number?
False
Is 37313878417 prime?
True
Is 3198765343 prime?
False
Is 346651531 a prime number?
True
Is 61138293889 a composite number?
True
Is 22278543941 composite?
True
Is 27346941299 a prime number?
False
Is 23819523193 prime?
False
Is 24275124101 composite?
True
Is 133379989 composite?
False
Is 559413017 a prime number?
True
Is 1022378199 prime?
False
Is 3664300531 prime?
True
Is 58538112811 a composite number?
False
Is 10357697351 prime?
True
Is 19401999499 composite?
True
Is 17365571 a composite number?
False
Is 96452480221 composite?
True
Is 19921339 prime?
False
Is 52660813 a composite number?
True
Is 61603701119 a prime number?
True
Is 19521217 prime?
True
Is 379040393 a composite number?
True
Is 317715779 a prime number?
True
Is 373968179 a composite number?
True
Is 167504149187 composite?
False
Is 173951116799 a prime number?
True
Is 202938664286 prime?
False
Is 728346802 prime?
False
Is 4588539701 a prime number?
False
Is 1742662709 composite?
False
Is 1259394655 prime?
False
Is 618546923 prime?
True
Is 2784649909 composite?
True
Is 225952088419 prime?
True
Is 5239709179 composite?
True
Is 162933703 prime?
True
Is 39074985071 a prime number?
False
Is 1915734857 composite?
True
Is 528825161 composite?
False
Is 13348760743 a prime number?
True
Is 26599028627 composite?
False
Is 2097118123 a prime number?
True
Is 127533555193 a prime number?
False
Is 481764307 a prime number?
False
Is 11349345361 a prime number?
True
Is 2156658239 composite?
True
Is 235364479 composite?
True
Is 826477583 composite?
True
Is 4593248713 prime?
True
Is 160079343401 a prime number?
True
Is 12631242683 composite?
False
Is 8558842517 composite?
False
Is 4214276221 a composite number?
False
Is 637983061 a composite number?
True
Is 11884998529 a composite number?
False
Is 68328346631 prime?
False
Is 340151363 composite?
True
Is 37251111481 a prime number?
True
Is 517577251 a prime number?
False
Is 2518753661 a prime number?
True
Is 1060228523 prime?
False
Is 2339759039 a composite number?
True
Is 795370087 a composite number?
False
Is 2138698421 composite?
False
Is 2032575049 a prime number?
True
Is 4514159399 a prime number?
True
Is 8186060713 a composite number?
False
Is 103967346919 composite?
False
Is 25740032489 prime?
True
Is 774395795 composite?
True
Is 14139634291 a prime number?
False
Is 43164263621 a prime number?
False
Is 3161248863 a prime number?
False
Is 6233484977 prime?
False
Is 449703101 prime?
False
Is 106545485023 a prime number?
False
Is 1675129249 composite?
False
Is 27221154769 composite?
False
Is 2159523517 composite?
True
Is 29063920277 prime?
False
Is 564787621085 a composite number?
True
Is 95886059 prime?
True
Is 96509093897 prime?
True
Is 5398418569 composite?
False
Is 9086565049 prime?
False
Is 8743522577 prime?
False
Is 649882253 a composite number?
True
Is 13024341797 composite?
True
Is 1449174847 a prime number?
True
Is 129910409765 a prime number?
False
Is 1009223119 composite?
True
Is 2079021047 a prime number?
False
Is 2670286483 prime?
False
Is 3089010053 composite?
False
Is 2337604553 a prime number?
False
Is 2034104377 prime?
True
Is 1306318061 a prime number?
True
Is 4113719453 a prime number?
False
Is 3520871143 a prime number?
False
Is 271263859 a prime number?
True
Is 1348447627 a prime number?
True
Is 121240552759 composite?
False
Is 562574666 composite?
True
Is 69734965987 a prime number?
True
Is 12609633937 a composite number?
False
Is 114254929 prime?
True
Is 269007653 prime?
True
Is 28658687543 a composite number?
False
Is 10636403441 a composite number?
False
Is 23263677461 prime?
False
Is 476799549 prime?
False
Is 858698705 a prime number?
False
Is 119498721697 a prime number?
False
Is 154646722147 a composite number?
False
Is 21803273411 composite?
False
Is 8472297787 prime?
True
Is 33101702561 prime?
False
Is 18603048139 composite?
True
Is 28769886863 composite?
False
Is 31213999 prime?
True
Is 1000288547 a composite number?
True
Is 1703563397 a prime number?
True
Is 948932123 prime?
False
Is 262128101 a composite number?
True
Is 756291229 composite?
True
Is 3470472937 prime?
True
Is 23022562883 composite?
True
Is 1351199 composite?
False
Is 16866307 prime?
True
Is 103358027593 a prime number?
False
Is 3368743627 prime?
True
Is 21771677747 prime?
False
Is 68774876323 prime?
True
Is 643169237 a prime number?
False
Is 15906645329 composite?
False
Is 11561043853 a composite number?
True
Is 533545957051 prime?
True
Is 347686237 a prime number?
True
Is 4733173077 prime?
False
Is 5857031 a prime number?
True
Is 5055613481 composite?
False
Is 200220982447 a prime number?
True
Is 76287250735 a composite number?
True
Is 514344053 a prime number?
False
Is 12584189221 a prime number?
True
Is 11100692651 composite?
False
Is 837820147 a composite number?
False
Is 1086201299 composite?
False
Is 72337670191 composite?
False
Is 10196303057 a prime number?
True
Is 1772048809 composite?
False
Is 14215753 a prime number?
True
Is 678543781 prime?
True
Is 66128746 composite?
True
Is 20523489227 prime?
True
Is 1790642459 prime?
True
Is 170311302131 a composite number?
False
Is 16286096803 a prime number?
False
Is 169542013 composite?
False
Is 15560103562 a composite number?
True
Is 961691527 a composite number?
True
Is 4153795439 composite?
False
Is 4497409887 prime?
False
Is 40510147 a prime number?
False
Is 17219549299 a prime number?
False
Is 199879969 a prime number?
True
Is 11993685931 a prime number?
True
Is 19096543 prime?
True
Is 1853159081 a prime number?
True
Is 387701471 composite?
True
Is 2472584851 a composite number?
True
Is 8303723819 a prime number?
False
Is 2144749951 composite?
False
Is 104621292049 composite?
False
Is 1038642485 a composite number?
True
Is 3629366929 a prime number?
True
Is 8693487217 composite?
True
Is 3643967389 composite?
False
Is 177056549 a composite number?
False
Is 236268239 prime?
False
Is 30612481 prime?
False
Is 64500036493 composite?
False
Is 464995247 a prime number?
False
Is 180249787 a composite number?
False
Is 2488111 a prime number?
True
Is 2812314803 a prime number?
False
Is 126398579147 a prime number?
False
Is 2514504277 prime?
False
Is 2360372381 a prime number?
True
Is 6585141061 a prime number?
False
Is 17876844497 a prime number?
True
Is 5702948801 composite?
True
Is 26939177 a composite number?
False
Is 45315533449 composite?
False
Is 6682651727 a prime number?
True
Is 2779530599 a composite number?
False
Is 61907516861 prime?
True
Is 453875549 prime?
False
Is 13088892017 prime?
True
Is 131319889 composite?
True
Is 21843840241 a prime number?
True
Is 2068532077 a prime number?
False
Is 1107964927 prime?
True
Is 140707196543 composite?
False
Is 456525143 a composite number?
True
Is 1627835329 a prime number?
True
Is 109763716449 prime?
False
Is 184360634 a composite number?
True
Is 2539110037 composite?
True
Is 521896555397 composite?
True
Is 52824278831 composite?
False
Is 39404842669 a composite number?
False
Is 3770557991 composite?
True
Is 1384561457 prime?
True
Is 1157212387 prime?
False
Is 7156697 a composite number?
False
Is 390959801 composite?
True
Is 2646724039 composite?
False
Is 3689856201 a composite number?
True
Is 309406763 prime?
False
Is 7511867861 a composite number?
False
Is 93823900067 composite?
False
Is 83501568587 prime?
False
Is 248414137 composite?
True
Is 2756885231 a composite number?
False
Is 76546509491 prime?
False
Is 32765920933 a prime number?
True
Is 6184753577 a prime number?
True
Is 8020303903 a composite number?
False
Is 241398394 a composite number?
True
Is 209246243 a composite number?
True
Is 2509488857 a composite number?
True
Is 571205561 composite?
False
Is 1852176973 prime?
True
Is 1489489061 composite?
True
Is 688969219 a prime number?
True
Is 46377129467 prime?
True
Is 2841044389 composite?
False
Is 240050963 a composite number?
False
Is 2599962947 a prime number?
False
Is 323466541 